 factors of d.
2, 3
Let i(n) = -n**2 - n. Let z be i(0). Suppose z*f = f - 40. What are the prime factors of 6/(-5)*f/(-12)?
2
Let r = 59 + -7. Suppose -3*c + r = c. What are the prime factors of c?
13
Let n(u) = u - 9. Let g be n(7). Let v = 1 - g. Suppose 2*b = -3*m + 5*m, 5*b = -v*m + 32. What are the prime factors of m?
2
Let x be 1*(-2)/4*0. Suppose -4*j + 21 = -i, 3 = 2*j + i - x. What are the prime factors of j?
2
Let j(q) = q**2 + q - 1. Let u(f) = f**3 - 2*f**2 + 2*f - 6. Let o(s) = 2*j(s) - u(s). Let n be o(4). List the prime factors of (7/(-2))/((-2)/n).
7
Let n = -2 + 8. Suppose n*y - 3*y = 6. List the prime factors of y.
2
Suppose -3*n + 3 = -15. Let l = -4 + n. List the prime factors of -16*(3/l)/(-3).
2
List the prime factors of (1 - -1)*(-948)/(-8).
3, 79
Suppose q + 3 - 48 = -4*y, 98 = 2*q + 4*y. What are the prime factors of q?
53
Suppose -3 = 2*i - 17. Let w = 11 + i. Let y = w + -11. List the prime factors of y.
7
Let f = -3 + -8. Let g(r) = -r**2 - 12*r. List the prime factors of g(f).
11
Suppose -3 + 0 = 3*a. What are the prime factors of (a - (0 - -1))*-2?
2
Let q(i) = i + 19. What are the prime factors of q(-12)?
7
Suppose -5*x + 5*s = -130, -2*x + 2*s + 58 = -2*s. List the prime factors of x.
23
Let z(r) = -r**2 + 12*r + 3*r - 2 - 4 - 3*r. What are the prime factors of z(8)?
2, 13
Let a = -4 - -6. Suppose -t + 11 = 3*i, 9 = a*i + 2*t + 3. Suppose b + 3*j = -0*b + 22, 0 = -i*b + 4*j + 8. What are the prime factors of b?
7
Let x(f) = f**2 + 8*f - 34. What are the prime factors of x(-15)?
71
Let d(x) = 3*x - 3. Let f = -3 + 6. List the prime factors of d(f).
2, 3
Suppose -15 - 15 = 2*h. Let s = 63 + -34. Let a = s + h. What are the prime factors of a?
2, 7
What are the prime factors of 124 - -3 - (-12)/(-3) - -3?
2, 3, 7
Suppose -4*t - 6 = -b, -2*b + 28 = -4*t - 0*t. Let v(p) = -p**3 - 6*p**2 - 6*p - 5. Let m be v(-4). Let h = b + m. List the prime factors of h.
3
Suppose 0 = 5*h - 268 + 88. List the prime factors of h.
2, 3
Suppose 4*a - 102 = 5*y - 538, 2*y - 2*a - 174 = 0. List the prime factors of y.
2, 11
Let d(n) = -n**3 - 2*n**2 + 4*n - 3. Let m be d(-4). Let o = -8 + m. Suppose 3*f - 11 + o = 0. What are the prime factors of f?
2
List the prime factors of ((-4)/8*46)/(-1).
23
Let z be (-10)/(-15) - 8/(-6). Suppose z + 13 = 3*u. List the prime factors of u.
5
Let k = -14 + 8. What are the prime factors of (7/(-2))/(k/12)?
7
Suppose 0 = -8*d + 3*d. Let v(r) = r**3 - r**2 - r + 13. List the prime factors of v(d).
13
Let g = 149 - 7. List the prime factors of g.
2, 71
Suppose -2*k = -5*q - 33, -3*q - 9 = 4*k + 2*q. Suppose 0 = -9*m + k*m - 15. List the prime factors of (-4)/6 + (-32)/m.
2, 5
Suppose -3*z - 2 - 1 = 0. Let l(r) = 2*r**2 - 3*r - 4. Let j be l(3). What are the prime factors of j + -3 - (0 + z)?
3
Let s = -8 + 9. Suppose 5 = 2*z + s. List the prime factors of z.
2
Suppose 23 = 2*o - 3. Let w = o + -8. List the prime factors of w.
5
Suppose -5*d + 3*s + 1220 - 301 = 0, 0 = -4*d - 2*s + 722. List the prime factors of d.
2, 7, 13
Let s(n) = n**2 + 4*n - 11. List the prime factors of s(-18).
241
Let d be (-3)/(-2) - (-4)/8. Suppose 2*t + 5*p - 15 = 0, -d*t - 3*p + 37 = 2*t. List the prime factors of t.
2, 5
List the prime factors of (-208)/(-56) + 2/7.
2
Suppose 0 = -m + 3*m - 30. Let s = m - 9. List the prime factors of s.
2, 3
Let c(g) = g**3 + g - 5. List the prime factors of c(3).
5
Let s = -27 + 71. Suppose -4*q + 4*f + 32 = 0, 0 = -4*q + f - 5 + 22. Suppose 4*i = -t + q*i + 17, 0 = 4*t - 4*i - s. What are the prime factors of t?
2, 7
Suppose -t + 61 = c, -t - 2*c - c + 51 = 0. What are the prime factors of t?
2, 3, 11
Suppose 4*b - 4 = -x, 0*b + 3*b + 20 = 5*x. Let p be b - 3/2*-2. List the prime factors of -24*((-15)/(-6) - p).
2, 3
Let l = -8 + 15. Let g(i) = -i**3 + 7*i**2 + 3*i + 8. List the prime factors of g(l).
29
Suppose 3*u + 2*b = 11, 0*b - 3*b = -5*u - 7. Let v be (0 + 1)/(u/3). Suppose 2*r - v*k - 20 = 0, -r = -0*r + 2*k + 4. What are the prime factors of r?
2
Suppose b + 0*b = -13. Let u = 33 + b. What are the prime factors of u?
2, 5
List the prime factors of 3/6 + 219/6.
37
Let m(v) = -7*v**2 - 5*v - 11. Let k(y) = -11*y**2 - 8*y - 17. Let l(b) = 5*k(b) - 8*m(b). List the prime factors of l(0).
3
Suppose -5 - 3 = -4*v. Suppose -v*p = 3*p + 70. Let i = p + 26. List the prime factors of i.
2, 3
Suppose -3*g + 6 = -o, -4*g = -3*o + 3 + 4. Let u = 11 - o. List the prime factors of u.
2
Suppose -22 + 1 = 3*k. Let d = k - -16. List the prime factors of d.
3
Suppose -4*g + 108 = 4*h - h, h = -4*g + 36. What are the prime factors of h?
2, 3
Let n = -31 - -37. Suppose r - 5*r = 3*w - 13, r - 2*w - 6 = 0. List the prime factors of -2*(n/r)/(-1).
3
Suppose 3*n + 12 = 5*o, -n - 5 = 3*o - 1. Let w = o - -7. List the prime factors of w.
7
Suppose 5*m = -10, 4*w = -3*m + 2*m + 418. What are the prime factors of w?
3, 5, 7
Let y(w) = -2*w + 5. Let l(q) = 6*q - 14. Let i(s) = -5*l(s) - 16*y(s). Let h be i(7). Suppose -h*a = a - 70. What are the prime factors of a?
2, 7
List the prime factors of (1 + 3)*(-22)/(-8).
11
Let h be (-4)/14 - 68/7. Let d be -2*(0 - -2 - 1). List the prime factors of ((-42)/(-15))/(d/h).
2, 7
Suppose -k = -4*k + 3*n, 2*n = -3*k - 15. What are the prime factors of k/9 + (-102)/(-9)?
11
Let n = -2 + 5. Suppose -2*s = n*g + 24 - 66, -2*g + 36 = 4*s. What are the prime factors of g?
2, 3
Let d(z) = 46*z - 35. List the prime factors of d(6).
241
Let x = -7 + 27. List the prime factors of x.
2, 5
Suppose -4*p = 4*k - 3*k + 8, 2 = p. Let j = k + 28. Suppose -2*g = -j + 2. What are the prime factors of g?
5
Let k(u) be the first derivative of 4*u**3/3 - 11*u**2/2 - 7*u - 5. What are the prime factors of k(5)?
2, 19
Let r(c) = -3*c**3 - 3*c**2 - c - 1. Let i be r(-2). Suppose 2*l - 23 = i. What are the prime factors of l?
2, 3
Suppose 4*o = f - 5*f + 164, 4*f = -5*o + 206. What are the prime factors of o?
2, 3, 7
Let n = 5 - 2. Suppose n*o - 2*o - 9 = 0. What are the prime factors of o?
3
Suppose -431 - 156 = -5*d - 3*j, 2*d - 237 = j. List the prime factors of d.
2, 59
Let m be 2/(((-4)/(-5))/2). Suppose y + 5 = d, 17 + 8 = 4*d - m*y. Suppose q = -d*q + 6. What are the prime factors of q?
2, 3
Let s(d) = d - 73. Let c be s(0). Let l = c + 106. Suppose -3*v - 3*x = -18 - l, x = -4*v + 53. List the prime factors of v.
2, 3
Let b = 6 - 8. Suppose 6*r - 2*r + 12 = 0. What are the prime factors of b/r + (-14)/(-6)?
3
List the prime factors of 98 - (30/(-18))/(10/(-12)).
2, 3
Let o(g) = g**2 - 6*g + 5. Let d be o(5). Suppose -a + 4 - 1 = d. List the prime factors of a.
3
Let s = -7 + 16. List the prime factors of s.
3
What are the prime factors of ((-90)/(-4) + 1)/(2/12)?
3, 47
Let v be (8 - 2)*(0 + 4). Let g = 42 - v. What are the prime factors of g?
2, 3
Suppose 4*l - 38 = 2*o, -o = -2*l - l + 27. Let j(i) = -i**2 + 8*i + 6. Let q be j(l). What are the prime factors of (q/7)/(5/35)?
2, 3
Suppose 2*u = -8, -7*o + 60 = -3*o - 2*u. What are the prime factors of o?
13
Suppose 0*q - 5*q = -25. Let w = -4 + q. Let p = w + 4. What are the prime factors of p?
5
Let o be 48/(-15) + 1/5. List the prime factors of o/(-4)*16/4.
3
Let c(t) = 9*t - 2. Let p(h) = 8*h - 2. Let v(a) = -2*c(a) + 3*p(a). What are the prime factors of v(4)?
2, 11
Let g = 3 + 4. Let h(z) = g + 2*z - 7. List the prime factors of h(4).
2
Let w = 64 - 22. List the prime factors of w.
2, 3, 7
Let c(t) = -3*t + 3. Let p be (-4)/18 - (-305)/(-45). Let a = 4 + p. List the prime factors of c(a).
2, 3
Let q be 2 + 13 + (2 - -1). What are the prime factors of ((-80)/(-24))/(4/q)?
3, 5
Suppose -2*c = -b - 4, -4*c + 5 + 9 = b. Suppose -b*h = 2*h. Suppose h = -3*q - 4*o + 50, -2*q + 3*o = q - 15. What are the prime factors of q?
2, 5
Suppose -13 = -p + 2. List the prime factors of p.
3, 5
Let w(s) be the second derivative of s + 1/6*s**3 + 9/2*s**2 + 0. List the prime factors of w(0).
3
Let i be (-2)/(-9) - 68/(-18). Suppose -a + 19 + 31 = i*c, -a = 2. What are the prime factors of c?
13
Suppose -285 = -4*n + n. What are the prime factors of n?
5, 19
Suppose 5*u + 5*w - 501 = -11, 0 = u + 3*w - 96. List the prime factors of u.
3, 11
Let t be 40/2 - (5 + -3). Suppose -2*s + 4*v + t = v, s - 16 = 5*v. What are the prime factors of s?
2, 3
